{"id":9898,"date":"2025-12-04T11:57:50","date_gmt":"2025-12-04T14:57:50","guid":{"rendered":"https:\/\/amplitudmodulada.com.ar\/?page_id=9898"},"modified":"2025-12-04T14:52:12","modified_gmt":"2025-12-04T17:52:12","slug":"noticia14036","status":"publish","type":"page","link":"https:\/\/amplitudmodulada.com.ar\/index.php\/noticia14036\/","title":{"rendered":"Trabajadores de prensa aprueban la creaci\u00f3n de Medios P\u00fablicos de Santa Cruz"},"content":{"rendered":"\n<figure class=\"wp-block-image size-full\"><img loading=\"lazy\" decoding=\"async\" width=\"106\" height=\"110\" src=\"http:\/\/amplitudmodulada.com.ar\/wp-content\/uploads\/2025\/01\/LU14-e1735940059230.png\" alt=\"\" class=\"wp-image-5088\"\/><\/figure>\n\n\n\n<p>En una asamblea realizada este martes, los trabajadores de la Secretar\u00eda de Estado de Comunicaci\u00f3n P\u00fablica y Medios de Santa Cruz aprobaron por unanimidad el proyecto de ley que establece la creaci\u00f3n del ente aut\u00e1rquico Medios P\u00fablicos de Santa Cruz.<\/p>\n\n\n\n<p>Este nuevo ente aut\u00e1rquico integrar\u00e1 a LU14 Radio Provincia, LU85 Canal 9 y la Gerencia de Producci\u00f3n y Contenidos.<\/p>\n\n\n\n<p>La asamblea cont\u00f3 con la participaci\u00f3n de representantes de las distintas \u00e1reas del organismo, quienes expresaron su respaldo un\u00e1nime a la propuesta impulsada por el Ejecutivo Provincial.<\/p>\n\n\n\n<p>Durante la misma, se realiz\u00f3 la lectura detallada del proyecto y se discutieron sus principales puntos.<\/p>\n\n\n\n<p>Seg\u00fan informaron sus participantes, el texto garantiza la continuidad laboral el personal, el respeto por los Convenios Colectivos de Trabajo vigentes, al tiempo que propone fortalecer la producci\u00f3n de contenidos p\u00fablicos y el trabajo articulado entre las distintas plataformas de comunicaci\u00f3n.<\/p>\n\n\n\n<p>Los trabajadores tambi\u00e9n debatieron sobre la existencia de otra propuesta alternativa denominada Radio y Televisi\u00f3n Santacruce\u00f1a (RTS), que no contempla la inclusi\u00f3n de la Gerencia de Producci\u00f3n y Contenidos, motivo por el cual manifestaron su preocupaci\u00f3n por la falta de instancias de di\u00e1logo en torno a ese planteo.<\/p>\n\n\n\n<p>Fuente: <a href=\"http:\/\/www.eldiarionuevodia.com.ar\" data-type=\"link\" data-id=\"www.eldiarionuevodia.com.ar\" target=\"_blank\" rel=\"noreferrer noopener\">www.eldiarionuevodia.com.ar<\/a> | R\u00edo Gallegos &#8211; Santa Cruz | 12.11.25<\/p>\n\n\n\n<p><\/p>\n","protected":false},"excerpt":{"rendered":"<p>En una asamblea realizada este martes, los trabajadores de la Secretar\u00eda de Estado de Comunicaci\u00f3n P\u00fablica y Medios de Santa Cruz aprobaron por unanimidad el proyecto de ley que establece la creaci\u00f3n del ente aut\u00e1rquico Medios P\u00fablicos de Santa Cruz. Este nuevo ente aut\u00e1rquico integrar\u00e1 a LU14 Radio Provincia, LU85 Canal 9 y la Gerencia &hellip; <a href=\"https:\/\/amplitudmodulada.com.ar\/index.php\/noticia14036\/\" class=\"more-link\">Continu\u00e1 leyendo <span class=\"screen-reader-text\">Trabajadores de prensa aprueban la creaci\u00f3n de Medios P\u00fablicos de Santa Cruz<\/span><\/a><\/p>\n","protected":false},"author":1,"featured_media":0,"parent":0,"menu_order":0,"comment_status":"closed","ping_status":"closed","template":"","meta":{"footnotes":""},"class_list":["post-9898","page","type-page","status-publish","hentry"],"_links":{"self":[{"href":"https:\/\/amplitudmodulada.com.ar\/index.php\/wp-json\/wp\/v2\/pages\/9898","targetHints":{"allow":["GET"]}}],"collection":[{"href":"https:\/\/amplitudmodulada.com.ar\/index.php\/wp-json\/wp\/v2\/pages"}],"about":[{"href":"https:\/\/amplitudmodulada.com.ar\/index.php\/wp-json\/wp\/v2\/types\/page"}],"author":[{"embeddable":true,"href":"https:\/\/amplitudmodulada.com.ar\/index.php\/wp-json\/wp\/v2\/users\/1"}],"replies":[{"embeddable":true,"href":"https:\/\/amplitudmodulada.com.ar\/index.php\/wp-json\/wp\/v2\/comments?post=9898"}],"version-history":[{"count":4,"href":"https:\/\/amplitudmodulada.com.ar\/index.php\/wp-json\/wp\/v2\/pages\/9898\/revisions"}],"predecessor-version":[{"id":9905,"href":"https:\/\/amplitudmodulada.com.ar\/index.php\/wp-json\/wp\/v2\/pages\/9898\/revisions\/9905"}],"wp:attachment":[{"href":"https:\/\/amplitudmodulada.com.ar\/index.php\/wp-json\/wp\/v2\/media?parent=9898"}],"curies":[{"name":"wp","href":"https:\/\/api.w.org\/{rel}","templated":true}]}}