{"id":9915,"date":"2025-12-04T18:34:08","date_gmt":"2025-12-04T21:34:08","guid":{"rendered":"https:\/\/amplitudmodulada.com.ar\/?page_id=9915"},"modified":"2025-12-04T18:43:06","modified_gmt":"2025-12-04T21:43:06","slug":"noticia14038","status":"publish","type":"page","link":"https:\/\/amplitudmodulada.com.ar\/index.php\/noticia14038\/","title":{"rendered":"Varias emisoras de Amplitud Modulada se encuentran sin salir al aire"},"content":{"rendered":"\n<figure class=\"wp-block-image size-full\"><img loading=\"lazy\" decoding=\"async\" width=\"171\" height=\"90\" src=\"http:\/\/amplitudmodulada.com.ar\/wp-content\/uploads\/2025\/12\/660-e1764884152484.png\" alt=\"\" class=\"wp-image-9918\"\/><\/figure>\n\n\n\n<p>Seg\u00fan destaca este jueves 13 de noviembre el sitio de Facebook Argentina en AM Y FM, varias emisoras de Amplitud Modulada que transmiten desde la zona oeste del Gran Buenos Aires se encuentran sin salir al aire.<\/p>\n\n\n\n<p>Argentina en AM y FM precisa que han interrumpido sus emisiones habituales AM 660 Amplitud 660 de San Justo, partido de La Matanza, AM 1230 Radio Litoral de Isidro Casanova, partido de La Matanza, AM 1240 Radio Cadena Uno de Ciudadela, partido de Tres de Febrero, y AM 1600 Radio Armon\u00eda de Caseros, partido de Tres de Febrero.<\/p>\n\n\n\n<p>Adem\u00e1s de estas emisoras, tampoco se encuentra operativa AM 1220 Cadena Eco de la Ciudad de Buenos Aires y nada se escucha en 680 Khz.<\/p>\n\n\n\n<p>Argentina en AM y FM estima que probablemente algunas emisoras hayan sido afectadas por cortes de suministro el\u00e9ctrico o alg\u00fan otro problema t\u00e9cnico que les impide funcionar.<\/p>\n\n\n\n<p>13.11.25<\/p>\n\n\n\n<p><\/p>\n","protected":false},"excerpt":{"rendered":"<p>Seg\u00fan destaca este jueves 13 de noviembre el sitio de Facebook Argentina en AM Y FM, varias emisoras de Amplitud Modulada que transmiten desde la zona oeste del Gran Buenos Aires se encuentran sin salir al aire. Argentina en AM y FM precisa que han interrumpido sus emisiones habituales AM 660 Amplitud 660 de San &hellip; <a href=\"https:\/\/amplitudmodulada.com.ar\/index.php\/noticia14038\/\" class=\"more-link\">Continu\u00e1 leyendo <span class=\"screen-reader-text\">Varias emisoras de Amplitud Modulada se encuentran sin salir al aire<\/span><\/a><\/p>\n","protected":false},"author":1,"featured_media":0,"parent":0,"menu_order":0,"comment_status":"closed","ping_status":"closed","template":"","meta":{"footnotes":""},"class_list":["post-9915","page","type-page","status-publish","hentry"],"_links":{"self":[{"href":"https:\/\/amplitudmodulada.com.ar\/index.php\/wp-json\/wp\/v2\/pages\/9915","targetHints":{"allow":["GET"]}}],"collection":[{"href":"https:\/\/amplitudmodulada.com.ar\/index.php\/wp-json\/wp\/v2\/pages"}],"about":[{"href":"https:\/\/amplitudmodulada.com.ar\/index.php\/wp-json\/wp\/v2\/types\/page"}],"author":[{"embeddable":true,"href":"https:\/\/amplitudmodulada.com.ar\/index.php\/wp-json\/wp\/v2\/users\/1"}],"replies":[{"embeddable":true,"href":"https:\/\/amplitudmodulada.com.ar\/index.php\/wp-json\/wp\/v2\/comments?post=9915"}],"version-history":[{"count":2,"href":"https:\/\/amplitudmodulada.com.ar\/index.php\/wp-json\/wp\/v2\/pages\/9915\/revisions"}],"predecessor-version":[{"id":9919,"href":"https:\/\/amplitudmodulada.com.ar\/index.php\/wp-json\/wp\/v2\/pages\/9915\/revisions\/9919"}],"wp:attachment":[{"href":"https:\/\/amplitudmodulada.com.ar\/index.php\/wp-json\/wp\/v2\/media?parent=9915"}],"curies":[{"name":"wp","href":"https:\/\/api.w.org\/{rel}","templated":true}]}}

<figure class="wp-block-image size-full"><img loading="lazy" decoding="async" width="171" height="90" src="http://amplitudmodulada.com.ar/wp-content/uploads/2025/12/660-e1764884152484.png" alt="" class="wp-image-9918"/></figure>



<p>Según destaca este jueves 13 de noviembre el sitio de Facebook Argentina en AM Y FM, varias emisoras de Amplitud Modulada que transmiten desde la zona oeste del Gran Buenos Aires se encuentran sin salir al aire.</p>



<p>Argentina en AM y FM precisa que han interrumpido sus emisiones habituales AM 660 Amplitud 660 de San Justo, partido de La Matanza, AM 1230 Radio Litoral de Isidro Casanova, partido de La Matanza, AM 1240 Radio Cadena Uno de Ciudadela, partido de Tres de Febrero, y AM 1600 Radio Armonía de Caseros, partido de Tres de Febrero.</p>



<p>Además de estas emisoras, tampoco se encuentra operativa AM 1220 Cadena Eco de la Ciudad de Buenos Aires y nada se escucha en 680 Khz.</p>



<p>Argentina en AM y FM estima que probablemente algunas emisoras hayan sido afectadas por cortes de suministro eléctrico o algún otro problema técnico que les impide funcionar.</p>



<p>13.11.25</p>



<p></p>

<p>Según destaca este jueves 13 de noviembre el sitio de Facebook Argentina en AM Y FM, varias emisoras de Amplitud Modulada que transmiten desde la zona oeste del Gran Buenos Aires se encuentran sin salir al aire. Argentina en AM y FM precisa que han interrumpido sus emisiones habituales AM 660 Amplitud 660 de San &hellip; <a href="https://amplitudmodulada.com.ar/index.php/noticia14038/" class="more-link">Continuá leyendo <span class="screen-reader-text">Varias emisoras de Amplitud Modulada se encuentran sin salir al aire</span></a></p>
