{"id":9929,"date":"2025-12-05T12:11:11","date_gmt":"2025-12-05T15:11:11","guid":{"rendered":"https:\/\/amplitudmodulada.com.ar\/?page_id=9929"},"modified":"2025-12-05T12:15:50","modified_gmt":"2025-12-05T15:15:50","slug":"noticia14040","status":"publish","type":"page","link":"https:\/\/amplitudmodulada.com.ar\/index.php\/noticia14040\/","title":{"rendered":"Radio Splendid reorganiza su grilla de programaci\u00f3n"},"content":{"rendered":"\n<figure class=\"wp-block-image size-full\"><img loading=\"lazy\" decoding=\"async\" width=\"93\" height=\"90\" src=\"http:\/\/amplitudmodulada.com.ar\/wp-content\/uploads\/2025\/04\/991-e1745514775112.png\" alt=\"\" class=\"wp-image-6910\"\/><\/figure>\n\n\n\n<p>Tras la despedida del periodista Fabi\u00e1n Dom\u00e1n de &#8220;Ensobrados&#8221;, el programa que condujo hasta este viernes en LR4 Radio Splendid, la emisora del Grupo Alpha Media reorganiza su grilla de programaci\u00f3n.<\/p>\n\n\n\n<p>As\u00ed lo adelant\u00f3 el periodista de espect\u00e1culos Pablo Montagna, quien precis\u00f3 que a partir del lunes 17 de noviembre Rolando Gra\u00f1a suma horas en Radio Splendid y conducir\u00e1 &#8220;RPM&#8221; de lunes a viernes de 9.00 a 12.00 horas.<\/p>\n\n\n\n<p>En tanto, &#8220;Ensobrados&#8221;, ya con la conducci\u00f3n de \u00c1lvaro Norro, ir\u00e1 de lunes a viernes de 12.00 a 14.00 horas.<\/p>\n\n\n\n<p>14.11.25<\/p>\n","protected":false},"excerpt":{"rendered":"<p>Tras la despedida del periodista Fabi\u00e1n Dom\u00e1n de &#8220;Ensobrados&#8221;, el programa que condujo hasta este viernes en LR4 Radio Splendid, la emisora del Grupo Alpha Media reorganiza su grilla de programaci\u00f3n. As\u00ed lo adelant\u00f3 el periodista de espect\u00e1culos Pablo Montagna, quien precis\u00f3 que a partir del lunes 17 de noviembre Rolando Gra\u00f1a suma horas en &hellip; <a href=\"https:\/\/amplitudmodulada.com.ar\/index.php\/noticia14040\/\" class=\"more-link\">Continu\u00e1 leyendo <span class=\"screen-reader-text\">Radio Splendid reorganiza su grilla de programaci\u00f3n<\/span><\/a><\/p>\n","protected":false},"author":1,"featured_media":0,"parent":0,"menu_order":0,"comment_status":"closed","ping_status":"closed","template":"","meta":{"footnotes":""},"class_list":["post-9929","page","type-page","status-publish","hentry"],"_links":{"self":[{"href":"https:\/\/amplitudmodulada.com.ar\/index.php\/wp-json\/wp\/v2\/pages\/9929","targetHints":{"allow":["GET"]}}],"collection":[{"href":"https:\/\/amplitudmodulada.com.ar\/index.php\/wp-json\/wp\/v2\/pages"}],"about":[{"href":"https:\/\/amplitudmodulada.com.ar\/index.php\/wp-json\/wp\/v2\/types\/page"}],"author":[{"embeddable":true,"href":"https:\/\/amplitudmodulada.com.ar\/index.php\/wp-json\/wp\/v2\/users\/1"}],"replies":[{"embeddable":true,"href":"https:\/\/amplitudmodulada.com.ar\/index.php\/wp-json\/wp\/v2\/comments?post=9929"}],"version-history":[{"count":2,"href":"https:\/\/amplitudmodulada.com.ar\/index.php\/wp-json\/wp\/v2\/pages\/9929\/revisions"}],"predecessor-version":[{"id":9932,"href":"https:\/\/amplitudmodulada.com.ar\/index.php\/wp-json\/wp\/v2\/pages\/9929\/revisions\/9932"}],"wp:attachment":[{"href":"https:\/\/amplitudmodulada.com.ar\/index.php\/wp-json\/wp\/v2\/media?parent=9929"}],"curies":[{"name":"wp","href":"https:\/\/api.w.org\/{rel}","templated":true}]}}

Radio Splendid reorganiza su grilla de programación

<figure class="wp-block-image size-full"><img loading="lazy" decoding="async" width="93" height="90" src="http://amplitudmodulada.com.ar/wp-content/uploads/2025/04/991-e1745514775112.png" alt="" class="wp-image-6910"/></figure>



<p>Tras la despedida del periodista Fabián Domán de &#8220;Ensobrados&#8221;, el programa que condujo hasta este viernes en LR4 Radio Splendid, la emisora del Grupo Alpha Media reorganiza su grilla de programación.</p>



<p>Así lo adelantó el periodista de espectáculos Pablo Montagna, quien precisó que a partir del lunes 17 de noviembre Rolando Graña suma horas en Radio Splendid y conducirá &#8220;RPM&#8221; de lunes a viernes de 9.00 a 12.00 horas.</p>



<p>En tanto, &#8220;Ensobrados&#8221;, ya con la conducción de Álvaro Norro, irá de lunes a viernes de 12.00 a 14.00 horas.</p>



<p>14.11.25</p>

<p>Tras la despedida del periodista Fabián Domán de &#8220;Ensobrados&#8221;, el programa que condujo hasta este viernes en LR4 Radio Splendid, la emisora del Grupo Alpha Media reorganiza su grilla de programación. Así lo adelantó el periodista de espectáculos Pablo Montagna, quien precisó que a partir del lunes 17 de noviembre Rolando Graña suma horas en &hellip; <a href="https://amplitudmodulada.com.ar/index.php/noticia14040/" class="more-link">Continuá leyendo <span class="screen-reader-text">Radio Splendid reorganiza su grilla de programación</span></a></p>
