{"id":9942,"date":"2025-12-05T19:50:26","date_gmt":"2025-12-05T22:50:26","guid":{"rendered":"https:\/\/amplitudmodulada.com.ar\/?page_id=9942"},"modified":"2025-12-05T20:01:32","modified_gmt":"2025-12-05T23:01:32","slug":"noticia14042","status":"publish","type":"page","link":"https:\/\/amplitudmodulada.com.ar\/index.php\/noticia14042\/","title":{"rendered":"El periodista Nelson Castro fue elegido comunicador del a\u00f1o en los Premios Eikon"},"content":{"rendered":"\n<figure class=\"wp-block-image size-full\"><img loading=\"lazy\" decoding=\"async\" width=\"119\" height=\"120\" src=\"http:\/\/amplitudmodulada.com.ar\/wp-content\/uploads\/2025\/12\/eikon-e1764975049689.png\" alt=\"\" class=\"wp-image-9944\"\/><\/figure>\n\n\n\n<p>En el marco de los Premios Eikon a la excelencia en la comunicaci\u00f3n institucional, el periodista Nelson Castro fue elegido este lunes comunicador del a\u00f1o.<\/p>\n\n\n\n<p>Al momento de recibir la estatuilla, el periodista de LS5 Radio Rivadavia y de la se\u00f1al de noticias TN destac\u00f3 como la audiencia se involucr\u00f3 en sus coberturas de conflictos b\u00e9licos.<\/p>\n\n\n\n<p>&#8220;Estando a seiscientos metros de los tanques rusos, corriendo riesgo de muerte, me sent\u00ed acompa\u00f1ado por ustedes&#8221;, dijo desde el escenario.<\/p>\n\n\n\n<p>Adem\u00e1s, asegur\u00f3 que se trat\u00f3 de una experiencia que enriquece al periodismo.<\/p>\n\n\n\n<p>&#8220;Llevar eso que parece lejano con vivencia propia sirve para valorar lo importante que es vivir en paz&#8221;, se\u00f1al\u00f3.<\/p>\n\n\n\n<p>Durante su discurso, tambi\u00e9n reflexion\u00f3 sobre la necesidad de asumir responsabilidades.<\/p>\n\n\n\n<p>&#8220;Necesitamos construir un pa\u00eds mejor y los que lo hacemos somos nosotros, nos gobierne uno o nos gobierne otro&#8221;, a\u00f1adi\u00f3.<\/p>\n\n\n\n<p>Por \u00faltimo, cit\u00f3 al periodista de investigaci\u00f3n estadounidense Jack Anderson.<\/p>\n\n\n\n<p>&#8220;El periodismo honesto es un instrumento clave para hacer a las sociedades democr\u00e1ticas m\u00e1s transparentes y plurales&#8221;, concluy\u00f3.<\/p>\n\n\n\n<p>Nelson Castro conduce en Radio Rivadavia el programa &#8220;Vamos Rivadavia&#8221;, que se emite de lunes a viernes de 9.00 a 12.00 horas.<\/p>\n\n\n\n<p>Fuente: <a href=\"http:\/\/www.tn.com.ar\" data-type=\"link\" data-id=\"www.tn.com.ar\" target=\"_blank\" rel=\"noreferrer noopener\">www.tn.com.ar<\/a> | Ciudad Aut\u00f3noma de Buenos Aires | 17.11.25<\/p>\n\n\n\n<p> <\/p>\n","protected":false},"excerpt":{"rendered":"<p>En el marco de los Premios Eikon a la excelencia en la comunicaci\u00f3n institucional, el periodista Nelson Castro fue elegido este lunes comunicador del a\u00f1o. Al momento de recibir la estatuilla, el periodista de LS5 Radio Rivadavia y de la se\u00f1al de noticias TN destac\u00f3 como la audiencia se involucr\u00f3 en sus coberturas de conflictos &hellip; <a href=\"https:\/\/amplitudmodulada.com.ar\/index.php\/noticia14042\/\" class=\"more-link\">Continu\u00e1 leyendo <span class=\"screen-reader-text\">El periodista Nelson Castro fue elegido comunicador del a\u00f1o en los Premios Eikon<\/span><\/a><\/p>\n","protected":false},"author":1,"featured_media":0,"parent":0,"menu_order":0,"comment_status":"closed","ping_status":"closed","template":"","meta":{"footnotes":""},"class_list":["post-9942","page","type-page","status-publish","hentry"],"_links":{"self":[{"href":"https:\/\/amplitudmodulada.com.ar\/index.php\/wp-json\/wp\/v2\/pages\/9942","targetHints":{"allow":["GET"]}}],"collection":[{"href":"https:\/\/amplitudmodulada.com.ar\/index.php\/wp-json\/wp\/v2\/pages"}],"about":[{"href":"https:\/\/amplitudmodulada.com.ar\/index.php\/wp-json\/wp\/v2\/types\/page"}],"author":[{"embeddable":true,"href":"https:\/\/amplitudmodulada.com.ar\/index.php\/wp-json\/wp\/v2\/users\/1"}],"replies":[{"embeddable":true,"href":"https:\/\/amplitudmodulada.com.ar\/index.php\/wp-json\/wp\/v2\/comments?post=9942"}],"version-history":[{"count":3,"href":"https:\/\/amplitudmodulada.com.ar\/index.php\/wp-json\/wp\/v2\/pages\/9942\/revisions"}],"predecessor-version":[{"id":9947,"href":"https:\/\/amplitudmodulada.com.ar\/index.php\/wp-json\/wp\/v2\/pages\/9942\/revisions\/9947"}],"wp:attachment":[{"href":"https:\/\/amplitudmodulada.com.ar\/index.php\/wp-json\/wp\/v2\/media?parent=9942"}],"curies":[{"name":"wp","href":"https:\/\/api.w.org\/{rel}","templated":true}]}}

El periodista Nelson Castro fue elegido comunicador del año en los Premios Eikon

<figure class="wp-block-image size-full"><img loading="lazy" decoding="async" width="119" height="120" src="http://amplitudmodulada.com.ar/wp-content/uploads/2025/12/eikon-e1764975049689.png" alt="" class="wp-image-9944"/></figure>



<p>En el marco de los Premios Eikon a la excelencia en la comunicación institucional, el periodista Nelson Castro fue elegido este lunes comunicador del año.</p>



<p>Al momento de recibir la estatuilla, el periodista de LS5 Radio Rivadavia y de la señal de noticias TN destacó como la audiencia se involucró en sus coberturas de conflictos bélicos.</p>



<p>&#8220;Estando a seiscientos metros de los tanques rusos, corriendo riesgo de muerte, me sentí acompañado por ustedes&#8221;, dijo desde el escenario.</p>



<p>Además, aseguró que se trató de una experiencia que enriquece al periodismo.</p>



<p>&#8220;Llevar eso que parece lejano con vivencia propia sirve para valorar lo importante que es vivir en paz&#8221;, señaló.</p>



<p>Durante su discurso, también reflexionó sobre la necesidad de asumir responsabilidades.</p>



<p>&#8220;Necesitamos construir un país mejor y los que lo hacemos somos nosotros, nos gobierne uno o nos gobierne otro&#8221;, añadió.</p>



<p>Por último, citó al periodista de investigación estadounidense Jack Anderson.</p>



<p>&#8220;El periodismo honesto es un instrumento clave para hacer a las sociedades democráticas más transparentes y plurales&#8221;, concluyó.</p>



<p>Nelson Castro conduce en Radio Rivadavia el programa &#8220;Vamos Rivadavia&#8221;, que se emite de lunes a viernes de 9.00 a 12.00 horas.</p>



<p>Fuente: <a href="http://www.tn.com.ar" data-type="link" data-id="www.tn.com.ar" target="_blank" rel="noreferrer noopener">www.tn.com.ar</a> | Ciudad Autónoma de Buenos Aires | 17.11.25</p>



<p> </p>

<p>En el marco de los Premios Eikon a la excelencia en la comunicación institucional, el periodista Nelson Castro fue elegido este lunes comunicador del año. Al momento de recibir la estatuilla, el periodista de LS5 Radio Rivadavia y de la señal de noticias TN destacó como la audiencia se involucró en sus coberturas de conflictos &hellip; <a href="https://amplitudmodulada.com.ar/index.php/noticia14042/" class="more-link">Continuá leyendo <span class="screen-reader-text">El periodista Nelson Castro fue elegido comunicador del año en los Premios Eikon</span></a></p>
