{"id":9950,"date":"2025-12-06T09:12:05","date_gmt":"2025-12-06T12:12:05","guid":{"rendered":"https:\/\/amplitudmodulada.com.ar\/?page_id=9950"},"modified":"2025-12-06T09:17:36","modified_gmt":"2025-12-06T12:17:36","slug":"noticia14043","status":"publish","type":"page","link":"https:\/\/amplitudmodulada.com.ar\/index.php\/noticia14043\/","title":{"rendered":"Confirman que la segunda ma\u00f1ana de Radio 10 quedar\u00e1 a cargo de Pablo Duggan"},"content":{"rendered":"\n<figure class=\"wp-block-image size-full\"><img loading=\"lazy\" decoding=\"async\" width=\"126\" height=\"80\" src=\"http:\/\/amplitudmodulada.com.ar\/wp-content\/uploads\/2024\/01\/710-e1704587121920.png\" alt=\"\" class=\"wp-image-122\"\/><\/figure>\n\n\n\n<p>Tras la confirmaci\u00f3n de la salida de Jorge Rial de LRL202 Radio 10, autoridades de la emisora confirmaron que desde febrero de 2026 la segunda ma\u00f1ana quedar\u00e1 a cargo de Pablo Duggan.<\/p>\n\n\n\n<p>Hist\u00f3rico periodista del Grupo Indalo, Pablo Duggan conduce desde hace tiempo en Radio 10 &#8220;De Vuelta&#8221;, de lunes a viernes de 18.00 a 20.00 horas.<\/p>\n\n\n\n<p>De esta maneera, en los pr\u00f3ximos d\u00edas se oficializar\u00e1 que esa franja horaria quedar\u00e1 a cargo de Juan Amor\u00edn, quien ya form\u00f3 parte de Radio 10 y conduce las ma\u00f1anas de las se\u00f1al de noticias C5N.<\/p>\n\n\n\n<p>Fuente: <a href=\"http:\/\/www.lanacion.com.ar\" data-type=\"link\" data-id=\"www.lanacion.com.ar\" target=\"_blank\" rel=\"noreferrer noopener\">www.lanacion.com.ar<\/a> | Ciudad Aut\u00f3noma de Buenos Aires | 18.11.25<\/p>\n\n\n\n<p><\/p>\n","protected":false},"excerpt":{"rendered":"<p>Tras la confirmaci\u00f3n de la salida de Jorge Rial de LRL202 Radio 10, autoridades de la emisora confirmaron que desde febrero de 2026 la segunda ma\u00f1ana quedar\u00e1 a cargo de Pablo Duggan. Hist\u00f3rico periodista del Grupo Indalo, Pablo Duggan conduce desde hace tiempo en Radio 10 &#8220;De Vuelta&#8221;, de lunes a viernes de 18.00 a &hellip; <a href=\"https:\/\/amplitudmodulada.com.ar\/index.php\/noticia14043\/\" class=\"more-link\">Continu\u00e1 leyendo <span class=\"screen-reader-text\">Confirman que la segunda ma\u00f1ana de Radio 10 quedar\u00e1 a cargo de Pablo Duggan<\/span><\/a><\/p>\n","protected":false},"author":1,"featured_media":0,"parent":0,"menu_order":0,"comment_status":"closed","ping_status":"closed","template":"","meta":{"footnotes":""},"class_list":["post-9950","page","type-page","status-publish","hentry"],"_links":{"self":[{"href":"https:\/\/amplitudmodulada.com.ar\/index.php\/wp-json\/wp\/v2\/pages\/9950","targetHints":{"allow":["GET"]}}],"collection":[{"href":"https:\/\/amplitudmodulada.com.ar\/index.php\/wp-json\/wp\/v2\/pages"}],"about":[{"href":"https:\/\/amplitudmodulada.com.ar\/index.php\/wp-json\/wp\/v2\/types\/page"}],"author":[{"embeddable":true,"href":"https:\/\/amplitudmodulada.com.ar\/index.php\/wp-json\/wp\/v2\/users\/1"}],"replies":[{"embeddable":true,"href":"https:\/\/amplitudmodulada.com.ar\/index.php\/wp-json\/wp\/v2\/comments?post=9950"}],"version-history":[{"count":2,"href":"https:\/\/amplitudmodulada.com.ar\/index.php\/wp-json\/wp\/v2\/pages\/9950\/revisions"}],"predecessor-version":[{"id":9953,"href":"https:\/\/amplitudmodulada.com.ar\/index.php\/wp-json\/wp\/v2\/pages\/9950\/revisions\/9953"}],"wp:attachment":[{"href":"https:\/\/amplitudmodulada.com.ar\/index.php\/wp-json\/wp\/v2\/media?parent=9950"}],"curies":[{"name":"wp","href":"https:\/\/api.w.org\/{rel}","templated":true}]}}

Confirman que la segunda mañana de Radio 10 quedará a cargo de Pablo Duggan

<figure class="wp-block-image size-full"><img loading="lazy" decoding="async" width="126" height="80" src="http://amplitudmodulada.com.ar/wp-content/uploads/2024/01/710-e1704587121920.png" alt="" class="wp-image-122"/></figure>



<p>Tras la confirmación de la salida de Jorge Rial de LRL202 Radio 10, autoridades de la emisora confirmaron que desde febrero de 2026 la segunda mañana quedará a cargo de Pablo Duggan.</p>



<p>Histórico periodista del Grupo Indalo, Pablo Duggan conduce desde hace tiempo en Radio 10 &#8220;De Vuelta&#8221;, de lunes a viernes de 18.00 a 20.00 horas.</p>



<p>De esta maneera, en los próximos días se oficializará que esa franja horaria quedará a cargo de Juan Amorín, quien ya formó parte de Radio 10 y conduce las mañanas de las señal de noticias C5N.</p>



<p>Fuente: <a href="http://www.lanacion.com.ar" data-type="link" data-id="www.lanacion.com.ar" target="_blank" rel="noreferrer noopener">www.lanacion.com.ar</a> | Ciudad Autónoma de Buenos Aires | 18.11.25</p>



<p></p>

<p>Tras la confirmación de la salida de Jorge Rial de LRL202 Radio 10, autoridades de la emisora confirmaron que desde febrero de 2026 la segunda mañana quedará a cargo de Pablo Duggan. Histórico periodista del Grupo Indalo, Pablo Duggan conduce desde hace tiempo en Radio 10 &#8220;De Vuelta&#8221;, de lunes a viernes de 18.00 a &hellip; <a href="https://amplitudmodulada.com.ar/index.php/noticia14043/" class="more-link">Continuá leyendo <span class="screen-reader-text">Confirman que la segunda mañana de Radio 10 quedará a cargo de Pablo Duggan</span></a></p>
